 of 327319?
327319
List the prime factors of 199932.
2, 3, 16661
What are the prime factors of 457986?
2, 3, 37, 2063
What are the prime factors of 1298976?
2, 3, 7, 1933
List the prime factors of 400746.
2, 3, 66791
What are the prime factors of 6019400?
2, 5, 30097
What are the prime factors of 21258232?
2, 2657279
What are the prime factors of 133015?
5, 37, 719
What are the prime factors of 7194754?
2, 7, 653, 787
What are the prime factors of 53727?
3, 17909
List the prime factors of 1589755.
5, 17, 59, 317
List the prime factors of 1064324.
2, 266081
List the prime factors of 101677.
17, 5981
What are the prime factors of 90756?
2, 3, 2521
What are the prime factors of 641383?
19, 33757
What are the prime factors of 42759?
3, 4751
List the prime factors of 13779742.
2, 47, 3119
What are the prime factors of 294615?
3, 5, 6547
List the prime factors of 21130533.
3, 2347837
What are the prime factors of 329066?
2, 41, 4013
List the prime factors of 610701.
3, 7, 13, 2237
List the prime factors of 1142067.
3, 617
List the prime factors of 3311020.
2, 5, 165551
List the prime factors of 5447476.
2, 29, 151, 311
What are the prime factors of 26513788?
2, 7, 151, 6271
List the prime factors of 16580055.
3, 5, 1105337
What are the prime factors of 3689248?
2, 31, 3719
What are the prime factors of 1097760?
2, 3, 5, 2287
What are the prime factors of 2533038?
2, 3, 157, 2689
What are the prime factors of 36635211?
3, 19, 31, 6911
What are the prime factors of 6094706?
2, 19, 160387
What are the prime factors of 15687779?
419, 37441
List the prime factors of 4522840.
2, 5, 7, 29, 557
List the prime factors of 6470433.
3, 718937
List the prime factors of 96399.
3, 10711
List the prime factors of 4881866.
2, 11, 20173
What are the prime factors of 337299?
3, 29, 3877
List the prime factors of 3982675.
5, 17, 9371
List the prime factors of 140508.
2, 3, 1301
What are the prime factors of 338515?
5, 79, 857
List the prime factors of 22147292.
2, 853, 6491
What are the prime factors of 2564021?
409, 6269
What are the prime factors of 1165349?
1165349
List the prime factors of 122583.
3, 29, 1409
What are the prime factors of 49401?
3, 11, 499
What are the prime factors of 984652?
2, 199, 1237
List the prime factors of 532475.
5, 19, 59
List the prime factors of 8249306.
2, 13, 19, 16699
What are the prime factors of 1620307?
13, 113, 1103
What are the prime factors of 2355934?
2, 7, 168281
List the prime factors of 324186.
2, 3, 71, 761
What are the prime factors of 253717?
253717
List the prime factors of 1468756.
2, 367189
List the prime factors of 255390.
2, 3, 5, 8513
List the prime factors of 400815.
3, 5, 2969
What are the prime factors of 3062287?
19, 53, 3041
What are the prime factors of 1070335?
5, 7, 53, 577
List the prime factors of 2090360.
2, 5, 52259
What are the prime factors of 84376?
2, 53, 199
List the prime factors of 125871.
3, 41957
What are the prime factors of 17226479?
3343, 5153
List the prime factors of 5789497.
7, 16879
What are the prime factors of 3258836?
2, 7, 116387
What are the prime factors of 1167723?
3, 61, 709
What are the prime factors of 10351716?
2, 3, 229, 3767
List the prime factors of 444654.
2, 3, 7, 3529
What are the prime factors of 515878?
2, 11, 131, 179
What are the prime factors of 211419?
3, 13, 139
What are the prime factors of 5225502?
2, 3, 870917
List the prime factors of 313963.
13, 24151
List the prime factors of 6803301.
3, 37, 61291
List the prime factors of 359530.
2, 5, 157, 229
List the prime factors of 1144140.
2, 3, 5, 19069
List the prime factors of 22626470.
2, 5, 89, 25423
What are the prime factors of 4477176?
2, 3, 11, 5653
List the prime factors of 15375924.
2, 3, 193, 2213
What are the prime factors of 493533?
3, 677
List the prime factors of 2233433.
2233433
List the prime factors of 189899.
53, 3583
What are the prime factors of 2443630?
2, 5, 7, 4987
List the prime factors of 3675595.
5, 7, 11, 9547
What are the prime factors of 3014218?
2, 127, 11867
List the prime factors of 9426348.
2, 3, 87281
What are the prime factors of 20894?
2, 31, 337
What are the prime factors of 6810614?
2, 1429, 2383
What are the prime factors of 72121?
7, 10303
List the prime factors of 590099.
590099
What are the prime factors of 7492107?
3, 7, 197, 1811
What are the prime factors of 20560626?
2, 3, 31, 36847
List the prime factors of 299272.
2, 37409
List the prime factors of 410345.
5, 13, 59, 107
What are the prime factors of 7231355?
5, 397, 3643
What are the prime factors of 6767777?
449, 15073
What are the prime factors of 2036213?
23, 223, 397
List the prime factors of 1850312.
2, 231289
What are the prime factors of 1636846?
2, 163, 5021
What are the prime factors of 6682404?
2, 3, 556867
List the prime factors of 1070773.
11, 311, 313
List the prime factors of 100376.
2, 12547
What are the prime factors of 1012948?
2, 73, 3469
List the prime factors of 1384572.
2, 3, 7, 53, 311
What are the prime factors of 6474707?
23, 281509
List the prime factors of 653492.
2, 7, 23339
What are the prime factors of 434539?
7, 23, 2699
List the prime factors of 219396.
2, 3, 47, 389
What are the prime factors of 3426275?
5, 31, 4421
List the prime factors of 149192.
2, 17, 1097
What are the prime factors of 438461?
463, 947
List the prime factors of 3532709.
67, 52727
List the prime factors of 2939034.
2, 3, 7, 19, 29, 127
List the prime factors of 308756.
2, 7, 11027
List the prime factors of 96588.
2, 3, 2683
What are the prime factors of 2959834?
2, 107, 13831
What are the prime factors of 825244?
2, 7, 29473
What are the prime factors of 39855?
3, 5, 2657
What are the prime factors of 17545?
5, 11, 29
What are the prime factors of 125124?
2, 3, 10427
What are the prime factors of 197836?
2, 49459
What are the prime factors of 41285?
5, 23, 359
List the prime factors of 701108.
2, 175277
List the prime factors of 118375.
5, 947
What are the prime factors of 1519573?
11, 138143
What are the prime factors of 553788?
2, 3, 15383
What are the prime factors of 20713576?
2, 13, 151, 1319
List the prime factors of 2166505.
5, 11, 3581
What are the prime factors of 102397?
102397
List the prime factors of 2928009.
3, 7, 139429
List the prime factors of 330208.
2, 17, 607
List the prime factors of 14825572.
2, 3706393
List the prime factors of 98785.
5, 23, 859
List the prime factors of 307494.
2, 3, 11, 1553
What are the prime factors of 1805293?
7, 23, 11213
What are the prime factors of 387719?
17, 22807
List the prime factors of 918547.
7, 131221
What are the prime factors of 96242?
2, 48121
What are the prime factors of 464832?
2, 3, 269
List the prime factors of 9561093.
3, 43, 137, 541
What are the prime factors of 2812971?
3, 7, 29, 31, 149
What are the prime factors of 294731?
294731
List the prime factors of 15703993.
29, 71, 263
What are the prime factors of 4555227?
3, 181, 8389
List the prime factors of 85.
5, 17
What are the prime factors of 12559116?
2, 3, 701, 1493
What are the prime factors of 4391198?
2, 7, 83, 3779
List the prime factors of 2982066.
2, 3, 497011
What are the prime factors of 20086601?
787, 25523
List the prime factors of 308734.
2, 29, 5323
What are the prime factors of 1215688?
2, 23, 6607
List the prime factors of 347100.
2, 3, 5, 13, 89
List the prime factors of 105430.
2, 5, 13, 811
What are the prime factors of 4663000?
2, 5, 4663
What are the prime factors of 2248727?
13, 41, 4219
List the prime factors of 869936.
2, 54371
What are the prime factors of 1603079?
1603079
List the prime factors of 15157932.
2, 3, 71, 17791
What are the prime factors of 4741674?
2, 3, 7, 17, 29, 229
What are the prime factors of 210178?
2, 19, 5531
What are the prime factors of 342110?
2, 5, 34211
List the prime factors of 381811.
173, 2207
List the prime factors of 186589.
13, 31, 463
List the prime factors of 9100339.
89, 102251
List the prime factors of 13027280.
2, 5, 7, 43, 541
What are the prime factors of 475763?
475763
List the prime factors of 1017439.
1017439
List the prime factors of 5788540.
2, 5, 19, 15233
What are the prime factors of 176187?
3, 11, 19, 281
List the prime factors of 218475.
3, 5, 971
List the prime factors of 484596.
2, 3, 7, 641
List the prime factors